be (((-14010)/12)/5)/((-4)/8). Suppose -n + 4097 = 10*q. What is the tens digit of q?
6
Let r = 5259 - 2678. What is the units digit of r?
1
Suppose 0 = 91*r - 48418 - 1627438. What is the ten thousands digit of r?
1
What is the tens digit of (1478/(-4))/((-122)/2684)?
2
Suppose -23*m - 89 = -319. Suppose 23715 = 5*q + m*q. What is the tens digit of q?
8
Suppose 2*u = 2*l - 974, -2*l + 4*u - 2471 = -7*l. Suppose -2*z = 2*z - 20. What is the tens digit of l/z + -2 + (-27)/(-15)?
9
Let i(m) = 6*m + 38. Let f be i(-11). Let v be ((-2)/3)/(f/(-714)). Let h = -7 - v. What is the tens digit of h?
1
Suppose -76*i - 47440 = -84*i. What is the units digit of i?
0
Suppose -16 = -3*t - t. Let b be 29 + (t - (-5)/(-5)). Let r = -31 + b. What is the units digit of r?
1
Let q(j) = 5*j - 32. Let h be q(7). Suppose 4 - 2 = -h*l - 4*z, 2 = -l - 2*z. Suppose 4*a = -3*u + 353, -a + 2*u - 82 = -l*a. What is the tens digit of a?
9
Let y = -804 + 6213. What is the units digit of y?
9
What is the units digit of (1008/98)/(-2 + 29475/14735)?
2
Suppose -2*d - 8 = 4*p, -d - 4 = -6*d - 2*p. Suppose y - d*h = 643, -h + 1848 = 5*y - 1411. What is the tens digit of y?
5
Let t be ((-17)/(-51))/(1/(-51)). Let j(d) = -16*d - 49. What is the tens digit of j(t)?
2
Let h be (-52 - -47) + (-162)/(6/3). Let o be 0 - (0 - -1 - 135). Let i = h + o. What is the units digit of i?
8
Suppose r + 3*g + 238 = 2*r, 0 = -3*r + 4*g + 724. Let w = 475 - r. What is the units digit of w?
1
Let c = 4 - 1. Suppose 4*s + c = 19. Suppose -2*x + 250 = 3*z - x, 4*z = s*x + 360. What is the tens digit of z?
8
Let r = 129 - 120. Let m(h) be the third derivative of 19*h**4/24 - 21*h**3/2 + 7*h**2. What is the hundreds digit of m(r)?
1
Let x = -213 - -679. Suppose -5*t + x = 4*k, -t - 3*t - 2*k = -374. What is the units digit of t?
4
Let r = -150 + 160. What is the hundreds digit of r/(-25)*-486 - 8/20?
1
Let b(f) = -2*f**2 - 124*f - 8. What is the tens digit of b(-36)?
6
Let o = -2 - -4. Let b = -659 - -662. Suppose -o*g + 210 = 5*d, b*d + 3*g - 14 - 112 = 0. What is the units digit of d?
2
Suppose 5*h - g - 1208 = 0, -2*h - 17*g + 480 = -19*g. Suppose -f + 3*f - 3*q - h = 0, 0 = -3*f + 5*q + 363. What is the tens digit of f?
2
Suppose 6*g - 21 = -3. Suppose 3*o + 39 - 7 = 2*c, 48 = g*c + 2*o. What is the tens digit of (c/12)/(2/375)?
5
Let c = 246 - 157. Suppose -3*v = -2*h - 2001, -94*h = v - c*h - 684. What is the tens digit of v?
6
Let c(f) = 79 - 20*f + 4*f**2 - 103 + 24 + 76. What is the units digit of c(21)?
0
Suppose -3*y = -h + 13, -y + 0*y + 3*h = -9. What is the tens digit of (-181)/(-2 + (-6)/y)?
8
Suppose 24*v - 21*v = 3*d + 93270, d = -5*v + 155408. What is the units digit of v?
3
Suppose 59863 = 3*v - 5*p, -4*p = -75*v + 80*v - 99747. What is the thousands digit of v?
9
Suppose 31*d - 34*d = -2*g + 952, -2*d = -4*g + 648. Let k = d + 436. What is the units digit of k?
2
What is the thousands digit of 13451 - -1 - (-5096)/(-546)*6/8?
3
Let o be (-7)/((-14)/248) + -2 + 2. Let m = o - 182. Let x = 110 - m. What is the tens digit of x?
6
Let q(l) = -3*l**3 + 42*l**2 + 13*l + 2. Let h be q(14). Suppose -4*k - 2*v = -694, k + h = 2*k + 4*v. What is the tens digit of k?
7
Let q(x) = -28*x + 225. Let y(r) = 37*r + 50. Let t be y(-2). What is the tens digit of q(t)?
9
Let s be ((-12)/(-16))/((-2)/(-8)). Suppose 0 = -s*g - g - 5*m + 1266, 0 = 4*g + 2*m - 1260. What is the units digit of g?
4
Let b(g) = 13*g**3 + 2*g**2 - 2*g + 2. Let f = -173 - -175. What is the hundreds digit of b(f)?
1
Suppose -163*p - 1120799 = -2864736. What is the thousands digit of p?
0
What is the units digit of 8/124 + (-35063487)/(-5177)?
3
What is the hundreds digit of 13/3*(-7 + 10 - -1281)?
5
Let b = -24 + 28. Suppose 3*t = -2*t + b*z, 4*z - 20 = 0. What is the units digit of 5/(t/(17 - -3))?
5
Suppose 0 = -j + 104 + 753. Let n = j - 490. What is the hundreds digit of n?
3
Let r(u) be the first derivative of u**3 - 39*u**2/2 + 336*u - 141. What is the tens digit of r(22)?
3
What is the hundreds digit of (-4)/(20/(-25695)) + -5 + 12 + -4?
1
Suppose -r + 13*f + 130657 = 11*f, 261302 = 2*r + 2*f. What is the tens digit of (r/162)/(1 + (-2)/4)?
1
Let s be (-90)/(-27) + -3 - (-52)/6. Suppose s*k = 2*k + 28. Suppose -395 = -k*h - 3. What is the units digit of h?
8
Let g(z) = 2*z + 18. Let c be g(-6). Let p = 167 + c. Suppose -4*o + 3 = -p. What is the units digit of o?
4
Let w = 10 - 9. Let z(b) = 4*b**2 + b. Let g be z(w). Suppose -2*d + 302 = 2*p - 96, -p = g*d - 979. What is the tens digit of d?
9
Let w(p) = p**2 - 3*p + 2. Let a be w(7). Suppose -2*y = -4*b - 48, -2*y - 4*b + a = -2*b. Suppose l - 49 = y. What is the tens digit of l?
6
Let b(d) = -105*d - 19. Let m be b(-16). Let s = m - 304. What is the units digit of s?
7
Let z be (7 - 5)*(-7)/2. What is the units digit of (2 + z/3)*-681?
7
Let b be 9/2 + (-10)/20. Suppose 5*s + j + 92 = 0, -b*j + 3*j - 20 = s. Let v(y) = y**2 + 19*y + 27. What is the units digit of v(s)?
9
Suppose 154 + 1078 = 4*f - 2*x, 0 = -5*f + 4*x + 1534. Let w = f + -208. What is the tens digit of w?
0
Suppose 2*a + 2978 = -r + 22616, 0 = 5*a + 25. What is the tens digit of r?
4
Let o be (1/(-2))/((-2)/(-436)). Suppose -5*p - 2*s = -4*s - 1213, 4*p - 3*s = 969. Let j = p + o. What is the hundreds digit of j?
1
Suppose 2*k - 225 - 279 = 0. Let t = k - 85. Let j = 332 - t. What is the units digit of j?
5
Suppose 5112256 - 21443740 = -338*q. What is the units digit of q?
8
Let c(s) = -10*s**3 + 2*s**2 + 2*s. Let x be c(-1). Let t(o) = o**2 + 7*o + 28. What is the units digit of t(x)?
8
Suppose 2*t = 3*y - 3104, y + 3*t + 332 - 1385 = 0. What is the tens digit of y?
3
Suppose 5*w = 5*q + 33330, -4*q + 26 - 30 = 0. What is the thousands digit of w?
6
Suppose 2*a + 9639 = 5*a - 3*x, 5*x = -4*a + 12834. Suppose -1675 - a = -14*f. What is the tens digit of f?
4
Let x = 104 - 36. Let h be (-1)/1 + 2 - 40. Let n = x + h. What is the units digit of n?
9
Let s(p) = -p**2 - p + 24. Let d be s(3). What is the tens digit of (-169)/(-2)*3/(d/8)?
6
Let o be ((-39)/156)/(2/(-56)). Let t be 2/(-1) - (-633)/3. Suppose t = o*x - 673. What is the tens digit of x?
2
Let q(y) = -143*y**3 - 10*y**2 - 27*y + 10. What is the ten thousands digit of q(-5)?
1
Let g(s) = -2*s**2 - 6*s + 70. Let y be g(0). What is the units digit of (-3)/5 + 30002/y?
8
Let c(n) = 2*n + 17. Let g be c(-6). Let m(w) = 7 - w**3 + 4 + g + 9*w**2 - w. What is the tens digit of m(8)?
7
Let a(w) = w**2 - 12*w + 31. Let d be a(9). Suppose 3*b + 2*b = -d*r + 92, -3*b = -4*r + 92. What is the tens digit of r?
2
Let u(m) = -223*m + 305. What is the hundreds digit of u(-29)?
7
Suppose -7*w = -169 - 83. What is the units digit of (990/w)/((-2)/(-8))?
0
Suppose -40 = 5*p - 5*m, -4*m + 31 = -2*p + 5. What is the units digit of (-1205)/p - 17/(-51)?
2
Let j be (-1196)/286 - 2*1/(-11). Let n be -2 - 2/j*10. Suppose 2*w + 2*w + 106 = 2*h, 0 = -2*h - n*w + 78. What is the units digit of h?
5
Suppose 0 = 70*x - 785553 + 173263. What is the hundreds digit of x?
7
Let b(s) = 8*s**3 - 3*s**2 + 23*s + 38. What is the units digit of b(8)?
6
Let d(v) = v**2 - 1 - 9*v + 0 + 13*v. Let k = -226 - -240. What is the hundreds digit of d(k)?
2
Let l(g) = g**3 + 62*g**2 + 111*g - 164. What is the hundreds digit of l(-57)?
7
Let j(n) = -2458*n - 9179. What is the thousands digit of j(-19)?
7
Let x be ((-42)/9 + -2)*12/(-10). Suppose 15*d = 11*d + x. Suppose 2*t + d*q - 246 = 0, -3*t - 4*q + 348 = -8*q. What is the units digit of t?
0
What is the tens digit of 5 - (3/((-36)/165446) + (-29)/(-174))?
9
Let p = -233 - -228. Let o(c) = c**2 - 8*c - 4. What is the units digit of o(p)?
1
Let t(s) = s**3 - 9*s**2 + 9*s - 12. Let a be ((-2)/1)/(-1 - (-15)/18). Let r be t(a). Suppose -8*h + r = -4*h. What is the tens digit of h?
3
Let v = 21121 - 3634. What is the tens digit of v?
8
Suppose 11*k - 376 - 251 = 0. Let f(y) = -k + 0*y + 16*y - 3*y. What is the units digit of f(21)?
6
Let x(s) = 41*s + 57. Let n be x(-5). Let q = n + 257. What is the units digit of q?
9
What is the units digit of 7*564 - ((-16)/(-40))/((-8)/40)?
0
What is the units digit of ((-11)/(-66))/(-9*(-8)/13721184)?
2
Let q(z) = 1828*z + 2141. What is the hundreds digit of q(9)?
5
Let j = -16784 - -34632. What is